11010?
1000101110011111100101111
In base 2, what is 111100001001010 + 1100110100?
111101101111110
In base 8, what is 1006111 - 63?
1006026
In base 8, what is 22173 - 55731?
-33536
In base 14, what is -2 + -3a56840?
-3a56842
In base 7, what is -50062321 + -2?
-50062323
In base 5, what is -1123322 + 441?
-1122331
In base 11, what is -356 + -220451?
-2207a7
In base 13, what is 3 - 306567b?
-3065678
In base 2, what is 1000001010011111 + -11010000010?
111110000011101
In base 12, what is -3377 + -a16a1?
-a4a58
In base 9, what is -8112 - 112711?
-121823
In base 15, what is -91 - -27a734?
27a693
In base 16, what is 6694c9 + -f?
6694ba
In base 11, what is -13 + 548038?
548025
In base 16, what is -2ac089 + 23?
-2ac066
In base 10, what is 6387365 + -2?
6387363
In base 12, what is -174 + 31350?
31198
In base 14, what is -9 - -3b9b477?
3b9b46c
In base 9, what is 1 - -203046408?
203046410
In base 9, what is -7 + -431330?
-431337
In base 13, what is 4 - -b58c25?
b58c29
In base 2, what is 1100110100010000 - 1010000010001?
1011100011111111
In base 4, what is -230232203 + 11121?
-230221022
In base 13, what is -1 + -a5c0849?
-a5c084a
In base 4, what is -223110113 - 21020?
-223131133
In base 9, what is -8832 - -34464?
24532
In base 12, what is a3 - 88998?
-888b5
In base 4, what is -12132 + -11213133?
-11231331
In base 2, what is -10 + -10000100011101101011010?
-10000100011101101011100
In base 2, what is -11101101101101 + -101010100?
-11110011000001
In base 8, what is -711434 + -3?
-711437
In base 9, what is 223 - -70702?
71025
In base 12, what is -17 + -182695?
-1826b0
In base 14, what is 34d636 - 0?
34d636
In base 12, what is 44b2 + -60a?
3aa4
In base 7, what is -3 - 426240611?
-426240614
In base 4, what is -13 - -1011312223303?
1011312223230
In base 7, what is 361254 + -2234?
356020
In base 15, what is -784 - 710?
-e94
In base 9, what is -46 - 126578?
-126635
In base 9, what is 24248 - 2563?
21575
In base 6, what is 3000123 + 3401?
3003524
In base 6, what is 5 + 210445313?
210445322
In base 13, what is 141466b + 4?
1414672
In base 2, what is 1000100101100101110 + -11111?
1000100101100001111
In base 16, what is -9 + -b1057?
-b1060
In base 12, what is 520 + -16895?
-16375
In base 6, what is 2110040545 - 3?
2110040542
In base 12, what is -6063b + b5?
-60546
In base 3, what is -21101211011010 - -1?
-21101211011002
In base 3, what is 11011201112 - -1212?
11011210101
In base 11, what is -14043 - -160?
-13993
In base 10, what is 1968292 - 74?
1968218
In base 9, what is -13321375 - 1?
-13321376
In base 4, what is -3020102133212 + -11?
-3020102133223
In base 7, what is -124331 - 440?
-125101
In base 5, what is -411412403 - 14?
-411412422
In base 14, what is 7cd - 5d988?
-5d199
In base 7, what is 3 - -24531641?
24531644
In base 2, what is 100 - -110100000110110101111111?
110100000110110110000011
In base 16, what is 56ebc62 - -3?
56ebc65
In base 15, what is b4d7 - 19b?
b33b
In base 5, what is 42 - 1313332422?
-1313332330
In base 7, what is 1 - 55051164?
-55051163
In base 16, what is ad + -29b61?
-29ab4
In base 15, what is 0 - 944689?
-944689
In base 7, what is 3244 + 65426?
102003
In base 7, what is 3116143 + 211?
3116354
In base 10, what is 19 + -204613?
-204594
In base 10, what is 4226166 - 156?
4226010
In base 15, what is -4 - cb914?
-cb918
In base 11, what is -741 - -1633?
9a2
In base 5, what is -41132000 - -3104?
-41123341
In base 14, what is -15733c993 + 4?
-15733c98d
In base 3, what is -1111 - -1020122101200?
1020122100012
In base 13, what is 461a56 + b?
461a64
In base 6, what is 11 - -242212544?
242212555
In base 7, what is 21651455151 - -2?
21651455153
In base 16, what is -176c2 + -78?
-1773a
In base 4, what is -133031231211 + -13?
-133031231230
In base 8, what is 443 + 1753503?
1754146
In base 11, what is -1 - 589a754?
-589a755
In base 8, what is 25 - -122704623?
122704650
In base 8, what is -37 + -756572?
-756631
In base 2, what is 11110 - -11000100111100001010100?
11000100111100001110010
In base 11, what is -94 - 4305a?
-43143
In base 10, what is 13878164 - 3?
13878161
In base 4, what is 323230 - 101312?
221312
In base 13, what is 12123 + -44?
120ac
In base 7, what is -115102 - 10150?
-125252
In base 14, what is -9 - 48b20a?
-48b215
In base 14, what is -3 + 11c446c?
11c4469
In base 9, what is 1184205421 + -4?
1184205416
In base 10, what is 56716476 - -5?
56716481
In base 8, what is -2264 + -10537?
-13023
In base 14, what is 12b1 + 2d4?
15a5
In base 9, what is -22645667 - 105?
-22645773
In base 5, what is -10044132200 - 12?
-10044132212
In base 3, what is 10201 - -102000110200?
102000121101
In base 10, what is -168589188 + 4?
-168589184
In base 16, what is -2663ac97 - 3?
-2663ac9a
In base 11, what is -84 + 20a870?
20a797
In base 13, what is -2128b5 - c1b?
-213803
In base 12, what is -58633 + -386?
-589b9
In base 3, what is -222011 - 100111200?
-101110211
In base 5, what is -2 + -331433134040?
-331433134042
In base 16, what is 23 + -ab39c?
-ab379
In base 10, what is 1 + 194033534?
194033535
In base 15, what is -e7a01e - -3?
-e7a01b
In base 7, what is -2 + 12554012?
12554010
In base 14, what is 140a - 1500?
-d4
In base 9, what is -5047067 + -176?
-5047254
In base 15, what is -8 + -31dcb2?
-31dcba
In base 6, what is 14343350 + 11?
14343401
In base 11, what is -7562 - -322?
-7240
In base 14, what is -83d4871 + -5?
-83d4876
In base 13, what is 2a8a - -103?
2b90
In base 14, what is 10ab976 - 4?
10ab972
In base 9, what is 16173 + -27187?
-11014
In base 2, what is 110111000 - -11001000000011?
11001110111011
In base 12, what is -965b7 + -929?
-97324
In base 2, what is -100010111 + 10010011100101?
10001111001110
In base 6, what is 241520 + 42443?
324403
In base 7, what is 150565330 + 11?
150565341
In base 7, what is -1042 - 430565?
-431640
In base 14, what is 751 - 37c6?
-3075
In base 9, what is 2048710 + -20?
2048680
In base 2, what is 10011 + -101011100100110011101?
-101011100100110001010
In base 13, what is a + 1173a1c3?
1173a200
In base 4, what is 13 - 3323112020?
-3323112001
In base 6, what is 2351320140 + -15?
2351320121
In base 11, what is 3555 + -4502?
-a58
In base 8, what is 62007 - -353?
62362
In base 14, what is -5c - -4494a6?
449448
In base 5, what is 3 - 11231324043?
-11231324040
In base 15, what is -6236895 + -5?
-623689a
In base 8, what is 672207 + -265?
671722
In base 2, what is 1100001101010 + 10111111010010?
100100000111100
In base 5, what is -1031013 - -23221?
-1002242
In base 9, what is 3875 - 275044?
-271058
In base 4, what is -120200 + 2120210?
2000010
In base 10, what is 8877 - -1297?
10174
In base 15, what is -3 + 829392?
82938e
In base 10, what is -16269615 - 4?
-16269619
In base 4, what is 2 - 22231323321?
-22231323313
In base 9, what is -2105487 + -28?
-2105526
In base 4, what is -320203033 + 113?
-320202320
In base 10, what is -38625562 - 5?
-38625567
In base 4, what is -112 + -10130222021?
-10130222133
In base 5, what is -24132 - 1014433?
-1044120
In base 11, what is -493 + -62896?
-63279
In base 7, what is -3363644 + 60?
-3363554
In base 15, what is 1 + 57a9dd0?
57a9dd1
In base 14, what is 0 + -16c365a?
-16c365a
In base 7, what is 10 + -1204161641?
-1204161631
In base 6, what is 30450355 + -4?
30450351
In base 5, what is 1130141 + 14?
1130210
In base 10, what is -877014 - 42?
-877056
In base 7, what is -4 - -400352246?
400352242
In base 10, what is -2330 - -6466?
4136
In base 11, what is -24863 + -18?
-24880
In base 6, what is -11052 + 2454430?
2443334
In base 16, what is -4 + -113cdf?
-113ce3
In base 7, what is -215536230 - -2?
-215536225
In base 10, what is -1 - -2176228?
2176227
In base 10, what is -39590 + -236?
-39826
In base 11, what is -671400 - -101?
-6712aa
In base 11, what is -121099 + 146?
-120a53
In base 12, what is 447 - 37185?
-3693a
In base 11, what is -3728 - 88?
-3805
In base 7, what is 3221505 + -2?
3221503
In base 12, what is -948263 + 0?
-948263
In base 7, what is -16400 + 11216?
-5151
In base 10, what is 1 + 29356942?
29356943
In base 6, what is -320423045 + 101?
-320422544
In base 2, what is 10 - 11010110011101000101101101?
-11010110011101000101101011
In base 15, what is 16724ea + 0?
16724ea
In base 10, what is 114353367 - 0?
114353367
In base 14, what is 77189 + -a0?
770c9
In base 13, what is 1606596 - 16?
1606580